-5*b + 50. Determine v(b).
15
Let u(m) = -7*m**2 + 3 + 2 - 7*m - 2*m + m**3. Suppose -7 = -13*i + 14*i. Let t be (-2)/2*(-15 + (0 - i)). What is u(t)?
-3
Let g(m) = -12*m**3 - 27*m**3 - 8*m**3 - 9*m**3 + 35*m**3. What is g(-1)?
21
Let i(y) = 2 - 1 - 2*y**2 + y - 2*y. Let p = -1125 + 1155. Suppose -32*b = -p - 66. Give i(b).
-20
Let l(f) = -f**3 + 2*f + 3. Let n be (-1)/(1 - (-134)/(-133)). Let w = n + -135. Calculate l(w).
7
Let t(w) be the first derivative of w**4/4 + 14*w**3/3 - 6*w + 1. Let i be (9/18 - (-2)/(-12))*(-66 - -24). Determine t(i).
-6
Let s(b) = b**2 + b - 5. Let h(u) = -2*u**2 + 16*u - 27. Let w be h(4). Let x be (1 - 0)*w - (71 + -63). Determine s(x).
1
Suppose 4 + 50 = 9*a. Let x be (9/a)/(2/4). Let p(h) = -4*h**2 + 4*h. Calculate p(x).
-24
Let b(l) = 2*l**2 + 2*l - 3. Let g(v) = 9*v**2 - 12*v - 40. Let z(k) = -5*b(k) + g(k). Give z(-20).
15
Suppose 2*r - 118 = 5*g, 0 = -4*g + 2*g - 4*r - 76. Let w(f) = -f**3 - 26*f**2 - 4*f - 93. Determine w(g).
11
Let q(w) = -w**2 - 1753*w - 1754*w - 1747*w + 5258*w. Let m = 16 - 9. Let y be m + 0 + -5 + 2. Calculate q(y).
0
Suppose -263*z + 311 = -215. Let o(i) be the second derivative of 28*i - 1/2*i**z + 2*i**3 + 0. Calculate o(1).
11
Let b be 88/33*(-3)/2. Let o be 8*(b + (-51)/(-12)). Let c(p) = -5*p**2 - 4*p**o + 7*p - 4*p**2 - p**3 + 8*p**2. What is c(-6)?
-6
Let x(t) = 48*t + 640. Let s be x(-14). Let k be (1/4)/((-328)/s - 10). Let r(f) be the first derivative of 13*f**3/3 - f**2/2 + f - 1. Determine r(k).
13
Let n(j) be the first derivative of -j**4/8 + 2*j**3/3 - 43*j**2 - 66. Let t(c) be the second derivative of n(c). Give t(-3).
13
Let p(n) = 5*n + n**2 - 30 - 14 + 23 - 8. Determine p(-9).
7
Let c be -18 + (16 - -18) + -14. Let l(j) = j**2 - 6. Calculate l(c).
-2
Let l be 3 + 0 + (-6 - -3). Let i(f) = 275*f**3 - 3 + 1 - 276*f**3 - f + 2*f + 3. Calculate i(l).
1
Suppose -19 = 2*n - 25, 17 = f + 4*n. Let t(j) = -j**3 + 5*j**2 - 8*j - 2. Determine t(f).
-42
Let l(w) = -45*w**2 - 54*w**3 + 21 + 15*w**3 + 21*w + 24*w**3 + 17*w**3. Let k be l(22). Let v(q) = 2*q**2 + 3*q**2 - 4*q**2 - 1. Calculate v(k).
0
Let x(g) = 5*g + 20. Let o(z) = -z - 4. Suppose 0 = -i + 3*p + 21, p + 67 = 62. Let j(k) = i*o(k) + x(k). Calculate j(-8).
4
Let q(i) = -4*i**3 + 8*i**2 - 3. Let w(r) = 11*r**3 - 23*r**2 + 9. Let m(l) = -8*q(l) - 3*w(l). Suppose 0 = -16*h - 30*h + 230. Give m(h).
-3
Let x(y) be the first derivative of -y**2 + 935. Give x(11).
-22
Let d(p) be the second derivative of 11*p**3/6 - 4*p**2 - 1170*p. Give d(0).
-8
Let u(i) = -2*i**2 + i - 281. Let r(j) = 11*j**2 - 16*j + 1682. Let q(l) = r(l) + 6*u(l). Let h be 6/(-21) + (-37)/(-7). Suppose -h*c + 1 - 41 = 0. Give q(c).
12
Let n(m) = -11 + 41*m + 0*m**2 + m**2 - 7 - 41*m. Determine n(4).
-2
Let t(y) be the first derivative of y**3/3 - y**2/2 + 3*y - 102. Suppose 5*m - 4 = 1. Let i be ((-24)/(-16))/(m/2). Calculate t(i).
9
Let x = 10831 - 10830. Let u(q) = q**3 + 5*q**2 - 2*q + 1. Give u(x).
5
Let r(l) = -l**2 + 11*l - 13. Let m = -1251 - -1261. Determine r(m).
-3
Let r(y) = -y**3 + 9*y**2 - y + 2. Suppose 0 = -4*d - 5*n + 255, 370 = 5*d - 7*n + 3*n. Suppose -14*i = -56 - d. What is r(i)?
-7
Suppose 2*u - 2*z + 24 = z, 0 = -3*u - 3*z - 21. Let f(v) be the first derivative of v**3/3 + 5*v**2 + 9*v - 220. Give f(u).
0
Let s(h) be the third derivative of -3*h**4/4 + 13*h**3/3 + 2814*h**2. Determine s(5).
-64
Suppose -3*h - 788 = 5*v - 877, -32 = 2*v - 4*h. Let k(j) = 2*j - 9. Let s(f) = -f + 4. Let c(g) = 6*k(g) + 10*s(g). Calculate c(v).
6
Let x(q) = 4*q - 1. Let c(j) = -j**3 - 10*j**2 - 7*j + 19. Let o be c(-10). Let d = o + -87. Suppose 2*v + d = -4. What is x(v)?
-13
Let j be (1/(-2) - 13/13)*2. Let p(k) = 3*k + 17. Let v(q) = 6*q + 32. Let f(o) = j*v(o) + 5*p(o). Determine f(-5).
4
Let d(u) = -u**2 - 7*u - 5. Let v(p) = -p**2 + 21*p + 38. Let y be v(22). Suppose 0 = y*r - 11*r + 195. Let l = r - -32. Determine d(l).
-5
Let f(t) = -1054*t**2 + 2148*t**2 + 4 - 1090*t**2 - 14*t. Determine f(2).
-8
Suppose -5*d + 5*j + 30 = 0, 25*d - 5*j = 26*d + 18. Let u(s) = 72 + 18*s - 62 + 0*s**2 + s**d. What is u(-17)?
-7
Let r(y) = -y**3 - 7*y**2 + 10. Let x(s) = -5*s - 180. Let n be x(-35). Determine r(n).
-40
Let v(s) = s**3 - 9*s**2. Let i = 369 + -147. Let c = 231 - i. Determine v(c).
0
Let k(w) = -40899 + 4*w + 20465 + 20437. Let s be 1/(-2)*2 + -1. Determine k(s).
-5
Let l(p) = -72*p**2 + p - 1. Suppose 51*z + 246 = 237*z + 60. Give l(z).
-72
Let k(c) = -c**2 - 4*c + 5. Let g(m) = -m - 7*m**2 + 2*m**2 - m - 3*m**2. Let l be g(-1). What is k(l)?
-7
Let m(w) = -40*w - 3905. Let j be m(-98). Let t(s) = -7*s + 118. Determine t(j).
13
Let d(g) be the third derivative of g**5/60 + 7*g**4/24 - 2*g**3/3 - 22*g**2 + 3. Determine d(-8).
4
Let w = -7692 - -7697. Let x(r) = -2 - 3 - 3*r + 4*r. Determine x(w).
0
Let n = 1571 - 1568. Let p(r) be the second derivative of 0 - 31*r - 1/2*r**2 + 3/2*r**n. Determine p(3).
26
Suppose k + 2*k = 5*y + 16, 4*y + 8 = 0. Let i(s) = -6*s**2 + 27*s + 11. Let m(t) = -3*t**2 + 10*t + 5. Let q(w) = -2*i(w) + 5*m(w). Determine q(k).
-17
Let g(w) = -6 - 1 + 140*w**3 + 149*w**3 - 449*w**3 + 159*w**3 + 12*w. Determine g(6).
-151
Suppose -5*u - 5*o + 100 = 0, -46*u + 2*o - 24 = -40*u. Let w(k) = -7*k + 18. Let n(a) = -14*a + 35. Let y(j) = -3*n(j) + 5*w(j). Give y(u).
-1
Let v(o) = 103*o - 506. Suppose 3*r - 5*l + 140 - 195 = 0, -5*l = -r + 45. What is v(r)?
9
Let o(g) = g**3 - 12*g**2 + 11. Let c = 4378 + -4366. Calculate o(c).
11
Let m(r) = 2*r**2 - 213*r - 1089. Let g be m(-5). Let v(h) = -2*h + 40. Determine v(g).
-12
Suppose -5 = -r - s - 1, -2*s + 2 = 0. Suppose u - 13 = -5*o - 6, -3 = -r*u + 3*o. Let c(g) = g**3 - 3*g + 1. Determine c(u).
3
Suppose -6 = 3*r - 4*d, 4*d = -r - 17 + 31. Let s(o) = -18*o**3 - 4*o**2 + 4*o + 2. Calculate s(r).
-150
Let z(q) = -q**3 - 3*q**2 + q + 2. Suppose 14 = -6*j - 58. Let k be (7 - 3 - -5) + j. Give z(k).
-1
Let h(b) = -119*b - 24. Let z(o) = 139*o + 26. Let g(i) = 7*h(i) + 6*z(i). Determine g(18).
6
Suppose 20*k = -6 + 46. Let t(z) = 3*z**2 + z**2 + 2*z + 10*z**2 - 10 - 6*z**k - z**3. What is t(8)?
6
Let m(d) = -5*d**3 + 10*d - 12. Let g(l) = -27*l**3 + 52*l - 61. Let y(r) = 2*g(r) - 11*m(r). Calculate y(2).
6
Let g(r) = 4*r**2 + 2*r + 4. Suppose -h - 2 = 2*z, z + 955 - 963 = -5*h. What is g(z)?
16
Let z be (-168 - 1)/(-1) + 2/(-1). Let g = 165 - z. Let w(q) = q**3 - q + 1. What is w(g)?
-5
Suppose 0 = -2*h + 3*m - 1, 2*h - 3*h - 11 = 2*m. Let x be (5/(h/9))/(-3). Let u be x + (-4 - 0/(-1)). Let n(k) = -3*k**3 + k. What is n(u)?
2
Let t(j) = -j**2 + 105*j + 908. Suppose 0 = -3*u - p - 31, -u - 1906*p - 1 = -1907*p. Calculate t(u).
4
Let v(l) be the second derivative of -l**4/12 - l**3 - 2*l**2 + 23*l + 9. What is v(-5)?
1
Let t(m) = m**3 - 22*m**2 + 13*m + 154. Let r be t(21). Let h be (-46)/r - (-6)/(-21). Let w(c) = -c**3 + 5*c**2 - 4*c + 6. Calculate w(h).
12
Let h be ((-160)/(-28))/((-1)/(-14)). Suppose -3*j + 14 - h = -4*w, 2*w - 24 = -3*j. Let c(z) = z**3 - 15*z**2 + 2. Give c(w).
2
Let y be (4 - 2) + (-1)/(-1) + 2. Suppose 3*z + y = g, 0 = -4*g + g + 15. Let r(a) = a**2 - 10. Calculate r(z).
-10
Let u(j) = j**2 - 32*j + 228. Suppose 5*g = -4*w + 737 - 663, -5*w + 85 = 5*g. Give u(w).
-3
Let y(w) = -14*w**2 - 3*w + 4. Suppose -34*c - 24 = -0 + 44. What is y(c)?
-46
Suppose 10 = 5*u + f, -1971*u + 4*f + 6 = -1968*u. Let i(z) = -4*z**2 - 6*z + 9. Give i(u).
-19
Let c(z) = z**2 + 19. Suppose 0 = -3*r - 2*k + 4, -1 + 9 = -r - 3*k. Let b be (6 - r)/((-2)/5). Let y be -1 + (-1 - (b - -3) - 0). Determine c(y).
19
Let o(q) = 2*q**2 + 2*q - 2. Suppose 0 = 2*g + 729 - 747. Let i be (-1)/(3/g) + 1. What is o(i)?
2
Let n(i) = 11*i. Let u(d) = 59*d + 59. Let h(l) = 5*n(l) - u(l). Give h(-17).
9
Let q(y) = y**2 - 9*y - 1. Let g = 2292 - 2282. Give q(g).
9
Let g be 3*1*((-4)/(-21) - (-1482)/(-1729)). Let j(l) = -13*l**3 + 4*l**2 + 3*l + 1. Give j(g).
115
Let a(f) be the second derivative of f**5/60 + f**4/4 - 11*f**3 + 292*f. Let n(k) be the second derivative of a(k). Give n(-4).
-2
Let z(j) = -7*j**2 + j + 6. Let q(t) = 8*t**2 - t - 7. Let s(o) = 6*q(o) + 7*z(o). Let l be 2/(-1) + -1 + -3. Give s(l).
-42
Let o(u) = 3. Let m(n) = n - 8. Let p(t) = -4*m(t) - 11*o(t). Let r be -5*(-7 + (-38)/(-